Let a(t) = t - 3*t**2 + t**3 - 5*t + 1 - o. Let q(y) = 3*y**3 + y. Let i be q(1). Determine a(i).
-4
Let k(s) = -5*s**2 - 2. Let l(y) = y**2. Let i(d) = -k(d) - 4*l(d). Calculate i(3).
11
Let w(b) = 5 + 2*b + 4*b - 4*b. Let s be w(-4). Let j be (-55)/(-15) - 1/s. Let a(n) = n**3 - 5*n**2 + 5*n - 2. Calculate a(j).
2
Suppose 0*x = -5*x - 10. Let a(f) be the first derivative of -f**4/4 - f**3/3 - 1. Give a(x).
4
Let n(o) be the second derivative of 0 - 3/2*o**2 - 3*o - 1/4*o**4 - 1/6*o**3 - 1/20*o**5. Give n(-3).
0
Let g = 5 - 0. Suppose 0 = g*i - j - 14, 3*i - 4*j - 5 = -0*j. Let y(c) = c + 3. Give y(i).
6
Suppose 10*l - 15 = 5. Let u(a) be the second derivative of 5/12*a**4 - 5/2*a**l - 1/20*a**5 - a + 1/3*a**3 + 0. Give u(5).
5
Let p(o) = -o + 1. Let m(x) = -3*x + 1. Let q(y) = -m(y) + 2*p(y). Let v(s) = -2*s - 12. Let z be v(-9). Give q(z).
7
Suppose 3*p - 5 = j, p + 2*j + 10 = 5*p. Suppose p = 5*r + 2 + 13. Let a(k) = 4*k**2 - k**3 - 1 - 8*k**2 - 6*k + 3*k. What is a(r)?
-1
Let h be (-1)/(-3) + (-16)/(-6). Let w(u) = h + u**2 - 7*u + 0 + 6. Determine w(6).
3
Suppose 5*u = 4*u + 4. Let f(g) = 1 + 6*g - 22*g + 8*g + 11*g. What is f(u)?
13
Let a(q) = q. Let w = -23 + 25. Calculate a(w).
2
Suppose 0*b - 25 = -5*b. Let m be (-1)/(9/b + -2). Let o(l) = -l**2 + 5*l - 3. Determine o(m).
-3
Let t(a) = 3 - 2 - 4*a + 0. Suppose -3*m + k - 2 + 5 = 0, -4*k = -2*m + 2. Let z = -2 + m. Calculate t(z).
5
Let w(k) = -k**3 - 4*k**2 - k - 1. Let h(m) = m**2 - 7*m - 2. Let o be h(10). Suppose 0 = 4*n + 5*i - 12, 4*n - 2*i + o = 3*i. Calculate w(n).
-7
Let p be 150/(-45)*12/10. Let s be (1 + 0 - -9) + p. Let c(z) = z**2 - 7*z + 5. What is c(s)?
-1
Suppose -3*y - 2*y = 25. Let x = 43 + -42. Let k = x + y. Let h(c) = c**3 + 4*c**2 + 2*c + 1. What is h(k)?
-7
Suppose -2*u + 8 = 5*l, -4*u = -u - 2*l - 31. Suppose 4*a + 2*d - 7 = u, -12 = 4*a - 5*d. Let q(c) = 2*c**2 - 2*c + 3. Calculate q(a).
7
Let t(g) be the second derivative of g**5/20 - g**4/3 + g**3/3 + g**2 - g. Let k be (2 - 0)/((-4)/(-6)). Let i be 2/6 - (-8)/k. Determine t(i).
-1
Let m(u) = 2*u**2 - u. Let g(v) be the second derivative of v**4/2 - v**3/2 + 13*v. Suppose 4*a + 3 - 47 = 0. Let j(t) = a*m(t) - 4*g(t). What is j(-1)?
-3
Let u(m) = -m + 6. Let p(t) = t - 5. Let o be p(7). Suppose 1 = -o*j + 11. Give u(j).
1
Let u(t) = -3*t + 9. Let o(r) = 2*r**3 + r + 6. Let l be o(0). Determine u(l).
-9
Let q(y) = y + 1 + 5*y - 7*y - y**2. Calculate q(1).
-1
Let t(u) = 36*u**2 + 3 - u**3 - 13*u**2 - 21*u**2. Let y be 2/6 - (-24)/9. Give t(y).
-6
Let u(r) = -r**2 - 7*r - 7. Let g(t) = t**3 - 9*t**2 + 8*t - 5. Let p be g(8). Determine u(p).
3
Let a(v) be the second derivative of -v**3/2 + 5*v**2/2 + v. Let n(o) = 7*o - 11. Let t(r) = 5*a(r) + 2*n(r). Let j = 14 - 8. What is t(j)?
-3
Let m(t) = 3*t - 4. Let h be m(3). Suppose w - 2 = a + 2*w, 2*a - h = w. Let q(r) be the first derivative of -2*r**4 - 1. What is q(a)?
-8
Let q(d) = 3*d**3 + 2*d**2 - 3*d + 7. Let h(f) = -4*f**2 + f**2 - f**2 - 16*f**3 - 36 + 14*f - 5*f**2. Let r(o) = -2*h(o) - 11*q(o). Calculate r(-5).
-5
Let d(r) = r - 1. Suppose -19 = -6*m + 11. What is d(m)?
4
Let b be (6/4)/((-9)/24). Let v be (-4)/b*(-1 - -1). Let o(l) = l**2 - l + 5. Calculate o(v).
5
Suppose 9 = 2*s - y, 3 = s + 2*y - 4. Let a(c) = -c + 4. Determine a(s).
-1
Suppose -4*b = -20 - 0. Let f(m) be the third derivative of 1/4*m**4 - 2*m**2 - 1/60*m**5 + 0*m + 0 - 2/3*m**3. Calculate f(b).
1
Suppose -2*x - 3 = y - 5*x, 4*x = 0. Let c(t) = t**2 - 2*t - 4. Determine c(y).
11
Let r(f) = -5*f**3 - f**2 + f - 1. Let l = 16 - 15. What is r(l)?
-6
Let d be ((-10)/4)/(2/4). Let z(u) = -u - 7. Let c(n) = 4*n + 29. Let f(m) = 2*c(m) + 9*z(m). What is f(d)?
0
Let p(b) = -5*b**2 - 4*b - 6. Let l = -3 + 6. Let n(o) be the first derivative of -11*o**3/3 - 4*o**2 - 13*o + 1. Let t(d) = l*n(d) - 7*p(d). Calculate t(-2).
3
Let n(t) = -t**2 + 5*t + 6. Let y(l) = 7*l**2 - 3*l + 1. Let h be y(1). Give n(h).
6
Let d(r) = 3*r + 1. Suppose 2*o - 1 = 3. Determine d(o).
7
Let g(c) = -3*c + 3. Let s = 3 + 6. Suppose 4*n + 9 = 4*d + 45, n + 7 = 5*d. Let f = n - s. Determine g(f).
-9
Suppose -5*m + 36 = -14*m. Let a(r) = -r**2 - 2*r - 3. Determine a(m).
-11
Let r = 4 - 2. Suppose 0 = -r*o + 4. Suppose -a - o*a = -3. Let y(w) = -w**2 + 1. Determine y(a).
0
Let o(t) = -3*t**2 + 8*t + 1. Let r(h) = 2*h**2 - 5*h - 1. Let j(n) = 5*o(n) + 8*r(n). Let a = 8 - 11. Calculate j(a).
6
Let f(b) = 6*b**3 - 2*b**2 + 1. Let y be f(1). Suppose -3*c + 4 = -c. Let r(p) = -2*p - p**3 - c*p + 0*p**2 + 6*p**2. What is r(y)?
5
Let m(u) = 2*u**2 - 9*u + 5. Let n(z) = z**2 - z - 1. Let f(q) = m(q) - n(q). Determine f(5).
-9
Let n(g) = g**3 + 3*g**2 - 4*g + 5. Suppose -3*a + 35 = 2*a. Let h(r) = -2*r + 10. Let m be h(a). Determine n(m).
5
Let d be (-2)/2*(5 + 14/(-7)). Let h(s) = -4*s - 4. Determine h(d).
8
Let k(z) = 3*z + 0 - z**2 - z**3 + 5 - 4*z**2 + 2. Calculate k(-5).
-8
Let l(v) = v**2 - v + 2. Let c(t) = 4*t**2 - 3*t + 8. Let o(k) = 2*c(k) - 9*l(k). Calculate o(6).
-20
Let k be (-705)/(-135) - 2/9. Let s(d) = -2*d - 2. Calculate s(k).
-12
Let h(v) = v**2 + 3*v - 2*v**2 - 1 + v - 2. Let d be h(3). Let g(y) = y + 2. Calculate g(d).
2
Suppose 4*u - 37 = -3*o, -3*u + 1 + 11 = 0. Let q(x) = -x**2 + 7*x - 8. Give q(o).
-8
Let m(t) be the second derivative of t**5/20 + t. Give m(1).
1
Let m(b) be the second derivative of -b**6/120 - b**5/30 - b**3/3 + 2*b**2 + b. Let p(d) be the first derivative of m(d). Calculate p(-2).
-2
Let b(l) = l - 6. Let q be b(3). Let d(k) = -k**3 - 4*k**2 - k - 4. What is d(q)?
-10
Let b(d) = -d**2 + 8*d - 4. Let g be 2 + 3/2*2. Give b(g).
11
Let m(k) = -1 + 3*k**3 - 6*k**2 + 5 - k**3 - k**3. Let u be m(6). Suppose 0 = u*r + r. Let z(q) = -q**2 + q + 5. Give z(r).
5
Let y = -21 + 30. Suppose 0 = -5*n - y - 6. Let r(z) = z**3 + z**2 - 5*z - 2. Determine r(n).
-5
Suppose -c = c - 6. Let a(u) be the third derivative of 1/6*u**4 + 0*u**3 + 0*u + 3*u**2 + 0 - 1/30*u**5. Give a(c).
-6
Let o(j) be the second derivative of j**5/20 - j**4/2 + j**3/6 - 3*j**2 + 7*j. What is o(6)?
0
Let f(x) = x**3 + 3*x**2 + 2*x - 2. Let h(t) = t - 4. Let o be h(7). Let g = -16 + 12. Let n be g + 2/3*o. Give f(n).
-2
Let c = -33 + 33. Let s(d) = -d**2 + 2. Give s(c).
2
Let v(w) be the first derivative of -w**7/168 + w**5/120 - 2*w**3/3 + 1. Let l(c) be the third derivative of v(c). Let s = 5 + -4. Calculate l(s).
-4
Let a(i) = i**2 - i + 4. Let o be a(0). Let y(q) = q**3 - 4*q**2 + 3*q - 1. Give y(o).
11
Let d(y) = -y**3 - 2*y**2 + y - 1. Let a be (-6)/4*(-12)/(-9)*1. What is d(a)?
-3
Let t(v) = -v**2 - 4*v - 3. Let m be t(-4). Let i = m + 5. Let a(q) = -5 + 0*q - q**i + 2*q**2 - 4*q. Determine a(5).
0
Suppose t + 1 = 2*i, 2*i = t - 3*t + 16. Let p(k) = -i*k**2 + 2*k - 3*k - 3*k - 2 - k**3. Suppose -2*d = -13 + 17. Calculate p(d).
2
Let b(g) = g**3 + g**2 - g. Let k(n) = -n**3 - 10*n**2 - 8*n + 9. Let s be k(-9). Let p be b(s). Let y(r) = -2*r + 3*r + r**3 - 9 + 2. Give y(p).
-7
Let t = -13 + 6. Let z(p) = 0 + 2 - 6*p - p**2 - p. What is z(t)?
2
Let l(s) = -2*s - 4. Let v = -58 - -53. Determine l(v).
6
Let a(v) = 3*v - 1. Let s be (1 + 0)/(2*(-5)/10). Give a(s).
-4
Let s(g) be the first derivative of -g**4/4 + g**2 - 11. Let t(r) = r**3 - 4*r**2 + 5*r - 4. Let p be t(3). What is s(p)?
-4
Let m(x) = -x + 2. Let o be m(4). Let k(l) = -l**3 - 4*l**2 - 4*l - 2. Calculate k(o).
-2
Let j(m) = m + 3. Let s = 1 - 5. Let c(a) be the third derivative of a**4/4 + 8*a**3/3 + 3*a**2. Let w(l) = s*c(l) + 22*j(l). Calculate w(3).
-4
Let w(o) be the second derivative of 1/6*o**4 + o + 1/30*o**5 + 0*o**2 + 0*o**3 + 0 - 1/360*o**6. Let l(b) be the third derivative of w(b). What is l(3)?
-2
Let k(m) be the second derivative of -9/2*m**2 - 1/6*m**3 - m + 0. Let w be (-2)/4*0/(-11). Calculate k(w).
-9
Suppose -2*m = -7*m - 20. Let s(b) = b**3 + 6*b**2 + 5*b - 1. Give s(m).
11
Suppose 0 = -2*m + 4. Let b(s) = s**3 - s**2 + s - 1. Give b(m).
5
Let t(j) be the first derivative of 7*j**5/20 - j**4/6 + j**3/6 - 5*j - 1. Let h(b) be the first derivative of t(b). Let s = 1 - 0. What is h(s)?
6
Let k(r) = 1 + 0*r + r + 0. Suppose -4*h - 5*j = -25, -2*h = -2*j - 16 - 10. Suppose -h = 3*t + 2*t. What is k(t)?
-1
Let t = -144 + 143. Let n(x) be the third der